 61, -y + 0 = 1. Suppose a + 2*v - 7 = 0, -4*v = -a - 0*a + z. List the prime factors of a.
11
Suppose 1 = 4*p + 5*f + 3, f = 2. Suppose 0 = -3*i - 4*r - 8, -13 = 3*i + 6*r - r. List the prime factors of (-41)/p + i/12.
2, 7
Suppose -6*k + 99 + 285 = 0. List the prime factors of k.
2
Suppose q + 6 = 3*k + 19, -4*q + 5*k = -31. Let j(o) = 1 + 0 + 3*o - q. What are the prime factors of j(5)?
2, 3
Let w = -10 - -25. What are the prime factors of w?
3, 5
Suppose 5*v - 2*j = 415, 2*v - 3*j + 6*j - 166 = 0. List the prime factors of v.
83
Let z = 27 - 16. Let a be (-12)/(-66) - (-53)/z. Suppose -a*c = -16 - 39. List the prime factors of c.
11
Suppose -f + 3*f - 3*z = 26, -2*f = 4*z - 12. Let q be 1/(3/(-9)) + -3. Let d = q + f. What are the prime factors of d?
2
Let p be ((-94)/4)/((-3)/(-6)). Let z = p + 29. Let g = -4 - z. What are the prime factors of g?
2, 7
Let n = -26 - -15. Let i = -6 - -24. Let v = i + n. What are the prime factors of v?
7
Let k(y) = -3*y**2 - 1. Let w be k(1). What are the prime factors of ((-6)/w)/(2/32)?
2, 3
Suppose 7*h - 12 = 2*h - z, 0 = 3*h + 5*z + 6. Suppose -19 = -h*p + 8. List the prime factors of p.
3
Let r(t) = 3*t**3 + 2*t - 1. Let w be r(1). Suppose 2*x = w*k - 3*x - 121, -3*k = -2*x - 82. Let n = 34 - k. What are the prime factors of n?
2, 5
Suppose 2*x - 3*u = 6*x - 405, 2*u - 501 = -5*x. What are the prime factors of x?
3, 11
Let f(g) = -g**2 + 5*g + 1. Let w be f(4). Suppose -w*p + 5*s + 95 = 0, 6*s - 3*s = 5*p - 97. What are the prime factors of p?
2, 5
Let a = 25 + -21. List the prime factors of a.
2
Let u be -2 - -1 - 2/(-1). List the prime factors of -3 + -2 + u + 18.
2, 7
Suppose -5*b - 75 = 3*n, 7 - 58 = 3*b + 3*n. List the prime factors of (b - 2)*(-12)/7.
2, 3
Suppose 4*z - 1 - 3 = 0. Suppose z = 2*r + 11. Let q(l) = -l**2 - 7*l - 4. List the prime factors of q(r).
2, 3
Let z be 92/6 + 4/(-12). Suppose l - 19 + 6 = -3*u, -5*u = -z. List the prime factors of l.
2
Let w(v) = v**2 + 2*v + 6. Let c be w(-5). Suppose 0 = 4*h + c - 53. What are the prime factors of h?
2
Let h = 37 + -5. Suppose -s + 62 = 5*n - 53, -n - 2*s = -h. What are the prime factors of n?
2, 11
Let y(f) = -f + 9. Let a be y(7). Let j be a/7 + (-290)/(-14). Suppose -j = -2*c - 2*o - 3*o, 3*c - 12 = -o. What are the prime factors of c?
3
Let f = -1 + -4. Let c = 10 + f. Suppose 4*k - 10 = -c*l + 32, k = -2*l + 15. List the prime factors of l.
2, 3
Suppose 0*q = -3*q. Suppose q = -l + 6*l + 30. What are the prime factors of -3*(4/l + -1)?
5
Suppose b = 2*b + 2, -2 = -2*q - b. Suppose h - q*h + 15 = 0. Suppose -h = -2*c - c. List the prime factors of c.
5
Let l(x) = x**3 - x**2 + 6*x - 14. List the prime factors of l(6).
2, 101
Let a(o) = 13*o + 2. Let r be a(-3). Let j = r + 53. List the prime factors of j.
2
List the prime factors of ((-40)/4)/((-4)/12).
2, 3, 5
Let i = 10 - 6. Suppose p - 3*m - 21 = -0*p, i*p - 3*m = 75. Suppose -4*f + 6 = -p. What are the prime factors of f?
2, 3
Let y = 9 - 4. Let t be 0 + 0 + (5 - (-38 - 0)). Suppose 4*d - 6 = -3*r + 24, y*d + t = 2*r. What are the prime factors of r?
2, 7
Suppose -234 = -z - 2*z. What are the prime factors of z?
2, 3, 13
Let h(t) = t**3 + 12*t**2 - 9*t - 7. List the prime factors of h(-12).
101
Suppose -17 = -4*z + 19. List the prime factors of z.
3
Suppose -7*f = -5*f + 2*v - 428, 442 = 2*f - 5*v. What are the prime factors of f?
2, 3
Suppose 2*k + 6 = 0, -2*k - 294 = -5*h - 4*k. What are the prime factors of ((-54)/5)/((-18)/h)?
2, 3
Let u = 31 + -13. Let v be (u/(-2))/(3/3). Let c(r) = -r**3 - 8*r**2 + 7*r - 6. What are the prime factors of c(v)?
2, 3
Let a be 1/3 + (-14)/(-3). Let d(p) = -p**3 + 4*p**2 + 5*p + 2. Let f be d(a). Suppose -c + 2*m + f = -3*c, -5*c + 4*m = -31. List the prime factors of c.
3
Suppose 3*r + 1 = -4*n - 4, 0 = -5*r - 5*n - 10. Let v(l) = -2*l. List the prime factors of v(r).
2, 3
Suppose 3*c - 9 = -0*n - n, -c - 29 = -5*n. Suppose -28 = 2*m - n*m. List the prime factors of m.
7
Let y(d) = -4*d**3 - 2*d**2 + 4*d - 3. Let v(s) = -s**3 + s. Let w(z) = -5*v(z) + y(z). What are the prime factors of w(3)?
3
Let x = -6 + -1. Let n = -5 - x. Suppose 0 = -3*h + 34 + n. What are the prime factors of h?
2, 3
Let m = -11 + 13. List the prime factors of 146/6 + m/(-6).
2, 3
Suppose 0 = -26*b + 30*b - 732. What are the prime factors of b?
3, 61
Let z(g) = 107*g**2 + 3*g + 3. What are the prime factors of z(-1)?
107
Let n(w) = w**3 - 7*w**2 + 8*w + 4. List the prime factors of n(7).
2, 3, 5
Let o(k) be the second derivative of k**5/20 + k**4/3 - k**3/6 - k**2/2 + 2*k. Let u be o(-2). What are the prime factors of 2/u - 88/(-9)?
2, 5
Suppose 2*i = 6*i - 96. List the prime factors of i.
2, 3
Suppose -408 = 7*h - 1094. What are the prime factors of h?
2, 7
Let d(i) = i**2 - 2*i + 3. Let u be d(2). Suppose -g - 1 + u = 0. Suppose 0 = -g*f + 7 + 7. What are the prime factors of f?
7
Suppose t - 17 = 5*b, -2*t + 5*b = -6*t - 7. Let h(d) = 4*d**t - d**3 + 2 + 2*d**3 - 3*d**2 - d. What are the prime factors of h(2)?
2, 3
Suppose -3*p + 59 = 2*p + 2*x, -3 = -p + 4*x. What are the prime factors of 3/(-4) + p/4?
2
Let n be (0 + 0/3)/(-2). Suppose 0 = -4*q - 2*d + 7*d + 48, q + 4*d - 12 = n. What are the prime factors of q?
2, 3
Let a = -11 - -14. Suppose 0 = s - 5*y - 6, 0*s + 3*s + a*y - 90 = 0. List the prime factors of s.
2, 13
Let n(k) = 22*k**2 + 1. List the prime factors of n(1).
23
Let l be ((-88)/2)/(2 + -4). Suppose -2*c - 30 = -3*g, 5*g - 2*c = 7 + 43. Let b = l - g. What are the prime factors of b?
2, 3
Let m(p) = -p**3 + 7*p**2 + 11*p - 12. What are the prime factors of m(8)?
2, 3
Suppose i - 176 = -4*v, -2*v + 2*i = 3*v - 233. List the prime factors of v.
3, 5
Suppose -5*t + 128 = 4*x - t, 5*x - 4*t = 115. List the prime factors of x.
3
Let t = -1 - -14. What are the prime factors of t + -2 - (-3 - -5)?
3
Let t(g) = -g - 2. Let d be t(-6). Suppose d*w + o = 13, -22 = -w - 6*o + 2*o. Suppose 6*j - 48 = w*j. List the prime factors of j.
2, 3
Suppose 2*y - 7 = 3*v, -2*y = -2*v + 6*v. Suppose -3 = y*t + t. Let g(o) = 3*o**2 - 2*o - 1. List the prime factors of g(t).
2
Let i(b) be the first derivative of 1 - 3/2*b**2 + 2*b**3 + b - 1/4*b**4. What are the prime factors of i(5)?
11
Suppose 5*i - 5*q = i + 40, i + 4*q + 11 = 0. What are the prime factors of i?
5
What are the prime factors of (186/10)/((-6)/(-30))?
3, 31
Let c(i) = 3*i + 7 - 5 - 2*i + 2. Suppose -q = -0*q. List the prime factors of c(q).
2
Let b = -6 + 2. Let p = 6 + b. List the prime factors of p.
2
Let y(n) be the first derivative of -n**5/120 - 5*n**4/24 + 2*n**3/3 + 1. Let m(w) be the third derivative of y(w). List the prime factors of m(-9).
2
Suppose -7 = -4*u - 19. Let d = u - -10. Suppose 2*p - d = p + g, g = -4*p + 38. What are the prime factors of p?
3
Let p be (-3)/15 + 31/5. Let c be 22/6 - (-2)/p. List the prime factors of 22/4 + (-2)/c.
5
Let b be (86/(-4))/((-2)/4). Suppose 2*g + 17 = b. What are the prime factors of g?
13
Suppose 2*k = -2*k. Suppose -3*q + 13 + 2 = k. Suppose -y + q = -10. What are the prime factors of y?
3, 5
Let x(n) = -2*n + 63. List the prime factors of x(-14).
7, 13
Let v(z) = -2*z**2 - z**3 + 3 - z**2 + 2 - 4*z**2 - 7*z. List the prime factors of v(-6).
11
Let s(u) = -u**3 + 14*u**2 + 12*u - 3. Let b be s(9). List the prime factors of b/(-40)*8/(-3).
2, 17
Let m(w) = -w - 12. Let v be m(0). Let k = 0 - v. Let u = 17 - k. List the prime factors of u.
5
Suppose -13 = -2*h + 9. List the prime factors of h.
11
Suppose 15 = -5*k + 3*z, -3*k = 2*z + 2*z - 20. List the prime factors of -2 - (-30 - k/(-2)).
2, 7
Let m be -1 - 0 - (-1 + -2). Suppose m*k = 2*t - 2, -5*t - 2*k + 26 = -14. What are the prime factors of t?
2, 3
Suppose -2*b + 6*b - 2*r - 410 = 0, -2*b + 5*r + 201 = 0. List the prime factors of b.
103
Let k(w) = -w**2 - 13*w + 39. What are the prime factors of k(-15)?
3
Let n be (-24)/18 - 4/6. Let g be 0/((-6)/(-3)) - 8. List the prime factors of ((-50)/g + n)*4.
17
Let n(s) = -s**3 - 9*s**2 + 10*s - 7. Let w be n(-10). Let q be w - -7 - 1*7. Let j = q + 16. List the prime factors of j.
3
Suppose -g = 2*j - 1 + 5, -4*g - 4*j - 4 = 0. Suppose 4*l - 6*m + g*m = 64, 4*l - 2*m = 60. List the prime factors of l.
2, 7
Suppose 0 = -3*l + 10 + 29. What are the prime